{"id":1613,"date":"2024-12-13T09:42:43","date_gmt":"2024-12-13T09:42:43","guid":{"rendered":"https:\/\/mtn.bj\/fournisseurs\/?page_id=1613"},"modified":"2026-05-05T12:44:38","modified_gmt":"2026-05-05T12:44:38","slug":"accueil","status":"publish","type":"page","link":"https:\/\/mtn.bj\/fournisseurs\/","title":{"rendered":"Accueil"},"content":{"rendered":"<div class=\"slideshow-section\">\n        <div class=\"banner-slider\">\n        \n            <div id=\"banner-block_5a46426dbd48c88e158454926d83bd30\" class=\"banner\">\n            <div class=\"banner-section alignedBottom textLight dark-overlay\" style=\"background:url(https:\/\/mtn.bj\/fournisseurs\/wp-content\/uploads\/2024\/12\/Union.png);background-size:cover;background-position:center center;\">\n                    <div class =\"banner-heading-section\">   \n                        <div class=\"heading-section-container\">\n                        <p class=\"mtn-page-title yello-title\"><\/p>\n                        <h1 class=\"mtn-heading yello-heading\">Avez-vous une solution innovante ?<\/h1>\n                        <p class=\"mtn-subheading yello-subheading\">Soumettez votre solution \u00e0 MTN B\u00e9nin\r\n\r\n<\/p>\n                        <\/div> \n                        \n                    <\/div>\n                    <div class=\"banner-cta-section ctaYellow\">\n                        <a href=\"https:\/\/www.mtn.bj\/fournisseurs\/portal\/devenir-fournisseur\"><button>SOUMETTRE<\/button><\/a>\n                    <\/div>\n            <\/div>\n            <\/div>\n\n            \n            <div id=\"banner-block_5a46426dbd48c88e158454926d83bd30\" class=\"banner\">\n            <div class=\"banner-section alignedBottom textLight dark-overlay\" style=\"background:url(https:\/\/mtn.bj\/fournisseurs\/wp-content\/uploads\/2024\/12\/Union.png);background-size:cover;background-position:center center;\">\n                    <div class =\"banner-heading-section\">   \n                        <div class=\"heading-section-container\">\n                        <p class=\"mtn-page-title yello-title\"><\/p>\n                        <h1 class=\"mtn-heading yello-heading\">Voulez-vous devenir fournisseur chez MTN ?<\/h1>\n                        <p class=\"mtn-subheading yello-subheading\">Soumettez une demande pour devenir fournisseur chez MTN<\/p>\n                        <\/div> \n                        \n                    <\/div>\n                    <div class=\"banner-cta-section ctaYellow\">\n                        <a href=\"https:\/\/www.mtn.bj\/fournisseurs\/portal\/soumettre-une-innovation\"><button>SOUMETTRE<\/button><\/a>\n                    <\/div>\n            <\/div>\n            <\/div>\n\n                    <\/div>\n\n         <div class=\"slideshow-dots\"><\/div>\n    <\/div>\n\n    \n\n<div id=\"icon_with_link-block_331ae6d0eafa85f586a757cf9c7f1932\" class=\"icon-with-link\">\n    <div class=\"icon-links-section\">\n                <div class=\"icon-link-grid\">\n                                    <a href=\"https:\/\/www.mtn.bj\/fournisseurs\/portal\/devenir-fournisseur\" class=\"link-card\">\n                        <div class=\"link-img-section\">\n                            <img decoding=\"async\" src=\"https:\/\/mtn.bj\/fournisseurs\/wp-content\/uploads\/2024\/12\/become-supplier.svg\" alt=\"Devenir fournisseur \">\n                        <\/div>\n                      \n                        <p class =\"mtn-body-text link-label-text\">Devenir fournisseur <\/p>\n                             \n                <\/a>\n\n                                    <a href=\"https:\/\/www.mtn.bj\/fournisseurs\/portal\/soumettre-une-innovation\" class=\"link-card\">\n                        <div class=\"link-img-section\">\n                            <img decoding=\"async\" src=\"https:\/\/mtn.bj\/fournisseurs\/wp-content\/uploads\/2024\/12\/investors-1.svg\" alt=\"Soumettre une innovation\">\n                        <\/div>\n                      \n                        <p class =\"mtn-body-text link-label-text\">Soumettre une innovation<\/p>\n                             \n                <\/a>\n\n                                    <a href=\"https:\/\/mtn.bj\/fournisseurs\/contact\/\" class=\"link-card\">\n                        <div class=\"link-img-section\">\n                            <img decoding=\"async\" src=\"https:\/\/mtn.bj\/fournisseurs\/wp-content\/uploads\/2024\/12\/message-square.svg\" alt=\"Contactez-nous\">\n                        <\/div>\n                      \n                        <p class =\"mtn-body-text link-label-text\">Contactez-nous<\/p>\n                             \n                <\/a>\n\n                        <\/div>\n            <\/div>\n<\/div>\n\n<div id=\"carousel-block_e1160e440c841ac90f6137718083b30d\" class=\"carousel\">\n    <div class=\"carousel-section textLight carousel-tall\"\n        style=\"background:url(https:\/\/mtn.bj\/fournisseurs\/wp-content\/uploads\/2024\/12\/MTN_SME_187348165-1.png);background-size:cover;background-position:center top;\">\n        <div class=\"carousel-heading-section\">\n            <h2 class=\"mtn-heading\"><\/h2>\n        <\/div>\n                        <div class=\"info-slider\">\n                                <div class=\"mtn-carousel-card\">\n                                        <p class=\"mtn-carousel-card-title\">R\u00e9partition du temps d&#039;antenne<\/p>\n                                            <p class=\"mtn-carousel-card-category\"><\/p>\n                                                        <\/div>\n                                <div class=\"mtn-carousel-card\">\n                                        <p class=\"mtn-carousel-card-title\">Dispositifs<\/p>\n                                            <p class=\"mtn-carousel-card-category\"><\/p>\n                                                        <\/div>\n                                <div class=\"mtn-carousel-card\">\n                                        <p class=\"mtn-carousel-card-title\">Gestion du parc<\/p>\n                                            <p class=\"mtn-carousel-card-category\"><\/p>\n                                                        <\/div>\n                                <div class=\"mtn-carousel-card\">\n                                        <p class=\"mtn-carousel-card-title\">Assurance<\/p>\n                                            <p class=\"mtn-carousel-card-category\"><\/p>\n                                                        <\/div>\n                                <div class=\"mtn-carousel-card\">\n                                        <p class=\"mtn-carousel-card-title\">Infrastructure informatique<\/p>\n                                            <p class=\"mtn-carousel-card-category\"><\/p>\n                                                        <\/div>\n                                <div class=\"mtn-carousel-card\">\n                                        <p class=\"mtn-carousel-card-title\">Logistiques<\/p>\n                                            <p class=\"mtn-carousel-card-category\"><\/p>\n                                                        <\/div>\n                                <div class=\"mtn-carousel-card\">\n                                        <p class=\"mtn-carousel-card-title\">Mobile Money<\/p>\n                                            <p class=\"mtn-carousel-card-category\"><\/p>\n                                                        <\/div>\n                                <div class=\"mtn-carousel-card\">\n                                        <p class=\"mtn-carousel-card-title\">Exploitation &amp; maintenance du r\u00e9seau<\/p>\n                                            <p class=\"mtn-carousel-card-category\"><\/p>\n                                                        <\/div>\n                                <div class=\"mtn-carousel-card\">\n                                        <p class=\"mtn-carousel-card-title\">Plateformes de services<\/p>\n                                            <p class=\"mtn-carousel-card-category\"><\/p>\n                                                        <\/div>\n                                <div class=\"mtn-carousel-card\">\n                                        <p class=\"mtn-carousel-card-title\">Voyages<\/p>\n                                            <p class=\"mtn-carousel-card-category\"><\/p>\n                                                        <\/div>\n                                <div class=\"mtn-carousel-card\">\n                                        <p class=\"mtn-carousel-card-title\">Plateformes et solutions SVA<\/p>\n                                            <p class=\"mtn-carousel-card-category\"><\/p>\n                                                        <\/div>\n                                <div class=\"mtn-carousel-card\">\n                                        <p class=\"mtn-carousel-card-title\">Services corporatifs<\/p>\n                                            <p class=\"mtn-carousel-card-category\"><\/p>\n                                                        <\/div>\n                                <div class=\"mtn-carousel-card\">\n                                        <p class=\"mtn-carousel-card-title\">Installations<\/p>\n                                            <p class=\"mtn-carousel-card-category\"><\/p>\n                                                        <\/div>\n                                <div class=\"mtn-carousel-card\">\n                                        <p class=\"mtn-carousel-card-title\">Ressources Humaines<\/p>\n                                            <p class=\"mtn-carousel-card-category\"><\/p>\n                                                        <\/div>\n                                <div class=\"mtn-carousel-card\">\n                                        <p class=\"mtn-carousel-card-title\">Interconnexion<\/p>\n                                            <p class=\"mtn-carousel-card-category\"><\/p>\n                                                        <\/div>\n                                <div class=\"mtn-carousel-card\">\n                                        <p class=\"mtn-carousel-card-title\">Services professionnels informatiques<\/p>\n                                            <p class=\"mtn-carousel-card-category\"><\/p>\n                                                        <\/div>\n                                <div class=\"mtn-carousel-card\">\n                                        <p class=\"mtn-carousel-card-title\">Marketing<\/p>\n                                            <p class=\"mtn-carousel-card-category\"><\/p>\n                                                        <\/div>\n                                <div class=\"mtn-carousel-card\">\n                                        <p class=\"mtn-carousel-card-title\">\u00c9quipement r\u00e9seau<\/p>\n                                            <p class=\"mtn-carousel-card-category\"><\/p>\n                                                        <\/div>\n                                <div class=\"mtn-carousel-card\">\n                                        <p class=\"mtn-carousel-card-title\">Infrastructure de site r\u00e9seau<\/p>\n                                            <p class=\"mtn-carousel-card-category\"><\/p>\n                                                        <\/div>\n                                <div class=\"mtn-carousel-card\">\n                                        <p class=\"mtn-carousel-card-title\">Packs de cartes SIM<\/p>\n                                            <p class=\"mtn-carousel-card-category\"><\/p>\n                                                        <\/div>\n                                <div class=\"mtn-carousel-card\">\n                                        <p class=\"mtn-carousel-card-title\">Services \u00e0 valeur ajout\u00e9e<\/p>\n                                            <p class=\"mtn-carousel-card-category\"><\/p>\n                                                        <\/div>\n                            <\/div>\n                   \n    <\/div>\n \n<\/div>\n\n\n\n<div id=\"section-heading-block_76486fde57d44eec245efc5a9f4eaeb4\" class=\"section-heading has-text-align-center\">\n<div class=\"mtn-section\">\n<h3 class=\"mtn-heading section-heading\">Pourquoi MTN ?<\/h3>\n<\/div>\n<\/div>\n\n<div id=\"icon_with_text-block_5c5531bb5eae2ca02353da9ad42c50f6\" class=\"icon-with-text\">\n    <div class=\"icon-card-section\">\n                <div class=\"icon-card-grid displayGrid\">\n                        <div class=\"icon-card\">\n                <div class=\"card-img-section\">\n                    <img decoding=\"async\" src=\"https:\/\/mtn.bj\/fournisseurs\/wp-content\/uploads\/2024\/12\/activity-1.svg\" alt=\"\">\n                <\/div>\n                <div class=\"icon-card-content\">\n                <p class=\"icon-card-label mtn-heading\"><\/p>\n                <p class=\"mtn-body-text\">Une vari\u00e9t\u00e9 de secteurs d\u2019activit\u00e9<\/p>\n                <\/div>\n            \n            <\/div>\n                        <div class=\"icon-card\">\n                <div class=\"card-img-section\">\n                    <img decoding=\"async\" src=\"https:\/\/mtn.bj\/fournisseurs\/wp-content\/uploads\/2024\/12\/magnifying-glass-1.svg\" alt=\"\">\n                <\/div>\n                <div class=\"icon-card-content\">\n                <p class=\"icon-card-label mtn-heading\"><\/p>\n                <p class=\"mtn-body-text\">Visibilit\u00e9 nationale &amp; internationale<\/p>\n                <\/div>\n            \n            <\/div>\n                        <div class=\"icon-card\">\n                <div class=\"card-img-section\">\n                    <img decoding=\"async\" src=\"https:\/\/mtn.bj\/fournisseurs\/wp-content\/uploads\/2024\/12\/cash-payment-1-1.svg\" alt=\"\">\n                <\/div>\n                <div class=\"icon-card-content\">\n                <p class=\"icon-card-label mtn-heading\"><\/p>\n                <p class=\"mtn-body-text\">Assurance de paiement garantie<\/p>\n                <\/div>\n            \n            <\/div>\n                    <\/div>\n            <\/div>\n<\/div>\n\n<div id=\"accordion-block_d365002905a4d35b413862971c060337\" class=\"accordion widthNarrow\">\n\n\t<div class=\"mtn-accordion\">\n\t\t\t\t\t<details class=\"mtn-accordion-item\">\n\t\t\t\t<summary class=\"title accordion-toggle\"><span class=\"accordion-title\">Quelles sont les pi\u00e8ces justificatives \u00e0 fournir pour devenir fournisseur de MTN B\u00e9nin ?<\/span><span><img class =\"downchevron\"\n\t\t\t\t\t\t\t\t\tsrc=\"https:\/\/mtn.bj\/fournisseurs\/wp-content\/themes\/mtn-vivid-wp\/public\/img\/svgs\/accordion-icon.svg\"\n\t\t\t\t\t\t\t\t\talt=\"Quelles sont les pi\u00e8ces justificatives \u00e0 fournir pour devenir fournisseur de MTN B\u00e9nin ?\"><\/span><\/summary>\n\t\t\t   <div class=\"panel\">\n\t\t\t\t<p>L\u2019enregistrement pour devenir fournisseur \u00e0 MTN se fait en plusieurs \u00e9tapes . Ci-dessous la liste des pi\u00e8ces \u00e0 fournir pour la premi\u00e8re \u00e9tape:<br \/>\n\u2013 Extrait d\u2019immatriculation au RCCM<br \/>\n\u2013 Attestation IFU<br \/>\n\u2013 Coordonn\u00e9es Bancaires<br \/>\n\u2013 Plan de localisation du bureau, de l\u2019usine et du magasin de distribution des articles<br \/>\n\u2013 Photo de fa\u00e7ade du si\u00e8ge social de la soci\u00e9t\u00e9 (montrant l\u2019enseigne)<br \/>\n\u2013 Code d\u2019Ethique des fournisseurs (\u00e0 signer)<br \/>\n\u2013 Accord de confidentialit\u00e9 (\u00e0 signer)<br \/>\nCes documents sont obligatoires<\/p>\n<p>Apr\u00e8s la premi\u00e8re \u00e9tape Si un fournisseur est retenu en fonction des crit\u00e8res internes et des besoins de MTN, il sera invit\u00e9 \u00e0 compl\u00e9ter des documents . Ci-dessous la liste de ces derniers:<\/p>\n<p>-Identification de l\u2019interlocuteur autoris\u00e9 par la soci\u00e9t\u00e9 \u00e0 traiter avec MTNB (photocopie du passeport ou pi\u00e8ce d\u2019identit\u00e9 , page avec photo)<\/p>\n<p>-Liste de trois anciens principaux clients<\/p>\n<p>-Carte professionnelle ou d\u2019importateur ou de commer\u00e7ant<\/p>\n<p>-Assurance Responsabilit\u00e9 Civile<\/p>\n<p>-Attestation de non-faillite<\/p>\n<p>-Attestation d\u2019assujettissement \u00e0 la TVA<\/p>\n<p>-Attestation fiscale<\/p>\n<p>-Organigramme<\/p>\n<p>-Certificat de partenariat<\/p>\n<p>-Agr\u00e9ment\/Autorisation sp\u00e9cial de l\u2019administration locale dans les domaines o\u00f9 la loi l\u2019exige<\/p>\n<p>-Annexe s\u00e9curit\u00e9 de l\u2019information (si applicable)<\/p>\n\t\t\t   <\/div>\n\n\t\t\t\t\n\t\t\t<\/details>\n\t\t\t\t\t\t\t<details class=\"mtn-accordion-item\">\n\t\t\t\t<summary class=\"title accordion-toggle\"><span class=\"accordion-title\">Quels sont les secteurs d&#039;activit\u00e9 pour lesquels MTN B\u00e9nin recherche des fournisseurs ? <\/span><span><img class =\"downchevron\"\n\t\t\t\t\t\t\t\t\tsrc=\"https:\/\/mtn.bj\/fournisseurs\/wp-content\/themes\/mtn-vivid-wp\/public\/img\/svgs\/accordion-icon.svg\"\n\t\t\t\t\t\t\t\t\talt=\"Quels sont les secteurs d&#039;activit\u00e9 pour lesquels MTN B\u00e9nin recherche des fournisseurs ? \"><\/span><\/summary>\n\t\t\t   <div class=\"panel\">\n\t\t\t\t<p>MTN B\u00e9nin recherche des fournisseurs pour les domaines suivants :<br \/>\n\u2013 Commercial BTL\\ATL\\Ev\u00e8nementiel<br \/>\n\u2013 Commercial Devices(Appareils)<br \/>\n\u2013 Consultation<br \/>\n\u2013 Ressources Humaines<br \/>\n\u2013 IT Infrastructures &amp; Equipements<br \/>\n\u2013 IT Solutions &amp; Services<br \/>\n\u2013 Transport\/Logistique<br \/>\n\u2013 Telecom Equipments &amp; Maintenance<br \/>\n\u2013 Telecom Services et Solutions<br \/>\n\u2013 Service \u00e0 valeurs ajout\u00e9s<br \/>\n\u2013 Services g\u00e9n\u00e9raux<br \/>\nCette liste n\u2019est pas exhaustive. Si vous appartenez \u00e0 un autre secteur d\u2019activit\u00e9, vous pouvez soumettre votre dossier afin qu\u2019il soit \u00e9tudi\u00e9<\/p>\n\t\t\t   <\/div>\n\n\t\t\t\t\n\t\t\t<\/details>\n\t\t\t\t\t\t\t<details class=\"mtn-accordion-item\">\n\t\t\t\t<summary class=\"title accordion-toggle\"><span class=\"accordion-title\">Est-il possible de faire un suivi de l&#039;\u00e9tat du traitement de notre dossier apr\u00e8s soumission ?<\/span><span><img class =\"downchevron\"\n\t\t\t\t\t\t\t\t\tsrc=\"https:\/\/mtn.bj\/fournisseurs\/wp-content\/themes\/mtn-vivid-wp\/public\/img\/svgs\/accordion-icon.svg\"\n\t\t\t\t\t\t\t\t\talt=\"Est-il possible de faire un suivi de l&#039;\u00e9tat du traitement de notre dossier apr\u00e8s soumission ?\"><\/span><\/summary>\n\t\t\t   <div class=\"panel\">\n\t\t\t\t<p>Vous serez contact\u00e9s par nos soins dans le cas o\u00f9 votre dossier retient notre attention<\/p>\n\t\t\t   <\/div>\n\n\t\t\t\t\n\t\t\t<\/details>\n\t\t\t\t\t\t\t<details class=\"mtn-accordion-item\">\n\t\t\t\t<summary class=\"title accordion-toggle\"><span class=\"accordion-title\">Doit-on \u00eatre d\u00e9j\u00e0 enregistr\u00e9s chez vous avant de soumettre une innovation ?<\/span><span><img class =\"downchevron\"\n\t\t\t\t\t\t\t\t\tsrc=\"https:\/\/mtn.bj\/fournisseurs\/wp-content\/themes\/mtn-vivid-wp\/public\/img\/svgs\/accordion-icon.svg\"\n\t\t\t\t\t\t\t\t\talt=\"Doit-on \u00eatre d\u00e9j\u00e0 enregistr\u00e9s chez vous avant de soumettre une innovation ?\"><\/span><\/summary>\n\t\t\t   <div class=\"panel\">\n\t\t\t\t<p>Non, vous pouvez nous soumettre une innovation que vous soyez un fournisseur d\u00e9j\u00e0 enregistr\u00e9 ou non<\/p>\n\t\t\t   <\/div>\n\n\t\t\t\t\n\t\t\t<\/details>\n\t\t\t\t\t\t\t<details class=\"mtn-accordion-item\">\n\t\t\t\t<summary class=\"title accordion-toggle\"><span class=\"accordion-title\">Peut-on modifier un dossier apr\u00e8s soumission ?<\/span><span><img class =\"downchevron\"\n\t\t\t\t\t\t\t\t\tsrc=\"https:\/\/mtn.bj\/fournisseurs\/wp-content\/themes\/mtn-vivid-wp\/public\/img\/svgs\/accordion-icon.svg\"\n\t\t\t\t\t\t\t\t\talt=\"Peut-on modifier un dossier apr\u00e8s soumission ?\"><\/span><\/summary>\n\t\t\t   <div class=\"panel\">\n\t\t\t\t<p>Tout dossier envoy\u00e9 ne sera pas modifiable apr\u00e8s soumission. Vous serez dans l\u2019obligation de constituer un nouveau dossier \u00e0 soumettre<\/p>\n\t\t\t   <\/div>\n\n\t\t\t\t\n\t\t\t<\/details>\n\t\t\t\t\t<\/div>\n<\/div>\n","protected":false},"excerpt":{"rendered":"","protected":false},"author":2,"featured_media":0,"parent":0,"menu_order":0,"comment_status":"closed","ping_status":"closed","template":"","meta":{"_acf_changed":false,"footnotes":""},"class_list":["post-1613","page","type-page","status-publish","hentry"],"acf":[],"yoast_head":"<!-- This site is optimized with the Yoast SEO plugin v27.5 - https:\/\/yoast.com\/product\/yoast-seo-wordpress\/ -->\n<title>Accueil - Portail des fournisseurs de MTN B\u00e9nin<\/title>\n<meta name=\"robots\" content=\"index, follow, max-snippet:-1, max-image-preview:large, max-video-preview:-1\" \/>\n<link rel=\"canonical\" href=\"https:\/\/mtn.bj\/fournisseurs\/\" \/>\n<meta property=\"og:locale\" content=\"fr_FR\" \/>\n<meta property=\"og:type\" content=\"article\" \/>\n<meta property=\"og:title\" content=\"Accueil - Portail des fournisseurs de MTN B\u00e9nin\" \/>\n<meta property=\"og:url\" content=\"https:\/\/mtn.bj\/fournisseurs\/\" \/>\n<meta property=\"og:site_name\" content=\"Portail des fournisseurs de MTN B\u00e9nin\" \/>\n<meta property=\"article:modified_time\" content=\"2026-05-05T12:44:38+00:00\" \/>\n<meta name=\"twitter:card\" content=\"summary_large_image\" \/>\n<script type=\"application\/ld+json\" class=\"yoast-schema-graph\">{\"@context\":\"https:\\\/\\\/schema.org\",\"@graph\":[{\"@type\":\"WebPage\",\"@id\":\"https:\\\/\\\/mtn.bj\\\/fournisseurs\\\/\",\"url\":\"https:\\\/\\\/mtn.bj\\\/fournisseurs\\\/\",\"name\":\"Accueil - Portail des fournisseurs de MTN B\u00e9nin\",\"isPartOf\":{\"@id\":\"https:\\\/\\\/mtn.bj\\\/fournisseurs\\\/#website\"},\"datePublished\":\"2024-12-13T09:42:43+00:00\",\"dateModified\":\"2026-05-05T12:44:38+00:00\",\"breadcrumb\":{\"@id\":\"https:\\\/\\\/mtn.bj\\\/fournisseurs\\\/#breadcrumb\"},\"inLanguage\":\"fr-FR\",\"potentialAction\":[{\"@type\":\"ReadAction\",\"target\":[\"https:\\\/\\\/mtn.bj\\\/fournisseurs\\\/\"]}]},{\"@type\":\"BreadcrumbList\",\"@id\":\"https:\\\/\\\/mtn.bj\\\/fournisseurs\\\/#breadcrumb\",\"itemListElement\":[{\"@type\":\"ListItem\",\"position\":1,\"name\":\"1\",\"item\":\"https:\\\/\\\/mtn.bj\\\/fournisseurs\\\/\"},{\"@type\":\"ListItem\",\"position\":2,\"name\":\"Accueil\"}]},{\"@type\":\"WebSite\",\"@id\":\"https:\\\/\\\/mtn.bj\\\/fournisseurs\\\/#website\",\"url\":\"https:\\\/\\\/mtn.bj\\\/fournisseurs\\\/\",\"name\":\"Portail des fournisseurs de MTN B\u00e9nin\",\"description\":\"Le lien entre MTN et les fournisseurs\",\"potentialAction\":[{\"@type\":\"SearchAction\",\"target\":{\"@type\":\"EntryPoint\",\"urlTemplate\":\"https:\\\/\\\/mtn.bj\\\/fournisseurs\\\/?s={search_term_string}\"},\"query-input\":{\"@type\":\"PropertyValueSpecification\",\"valueRequired\":true,\"valueName\":\"search_term_string\"}}],\"inLanguage\":\"fr-FR\"}]}<\/script>\n<!-- \/ Yoast SEO plugin. -->","yoast_head_json":{"title":"Accueil - Portail des fournisseurs de MTN B\u00e9nin","robots":{"index":"index","follow":"follow","max-snippet":"max-snippet:-1","max-image-preview":"max-image-preview:large","max-video-preview":"max-video-preview:-1"},"canonical":"https:\/\/mtn.bj\/fournisseurs\/","og_locale":"fr_FR","og_type":"article","og_title":"Accueil - Portail des fournisseurs de MTN B\u00e9nin","og_url":"https:\/\/mtn.bj\/fournisseurs\/","og_site_name":"Portail des fournisseurs de MTN B\u00e9nin","article_modified_time":"2026-05-05T12:44:38+00:00","twitter_card":"summary_large_image","schema":{"@context":"https:\/\/schema.org","@graph":[{"@type":"WebPage","@id":"https:\/\/mtn.bj\/fournisseurs\/","url":"https:\/\/mtn.bj\/fournisseurs\/","name":"Accueil - Portail des fournisseurs de MTN B\u00e9nin","isPartOf":{"@id":"https:\/\/mtn.bj\/fournisseurs\/#website"},"datePublished":"2024-12-13T09:42:43+00:00","dateModified":"2026-05-05T12:44:38+00:00","breadcrumb":{"@id":"https:\/\/mtn.bj\/fournisseurs\/#breadcrumb"},"inLanguage":"fr-FR","potentialAction":[{"@type":"ReadAction","target":["https:\/\/mtn.bj\/fournisseurs\/"]}]},{"@type":"BreadcrumbList","@id":"https:\/\/mtn.bj\/fournisseurs\/#breadcrumb","itemListElement":[{"@type":"ListItem","position":1,"name":"1","item":"https:\/\/mtn.bj\/fournisseurs\/"},{"@type":"ListItem","position":2,"name":"Accueil"}]},{"@type":"WebSite","@id":"https:\/\/mtn.bj\/fournisseurs\/#website","url":"https:\/\/mtn.bj\/fournisseurs\/","name":"Portail des fournisseurs de MTN B\u00e9nin","description":"Le lien entre MTN et les fournisseurs","potentialAction":[{"@type":"SearchAction","target":{"@type":"EntryPoint","urlTemplate":"https:\/\/mtn.bj\/fournisseurs\/?s={search_term_string}"},"query-input":{"@type":"PropertyValueSpecification","valueRequired":true,"valueName":"search_term_string"}}],"inLanguage":"fr-FR"}]}},"_links":{"self":[{"href":"https:\/\/mtn.bj\/fournisseurs\/wp-json\/wp\/v2\/pages\/1613","targetHints":{"allow":["GET"]}}],"collection":[{"href":"https:\/\/mtn.bj\/fournisseurs\/wp-json\/wp\/v2\/pages"}],"about":[{"href":"https:\/\/mtn.bj\/fournisseurs\/wp-json\/wp\/v2\/types\/page"}],"author":[{"embeddable":true,"href":"https:\/\/mtn.bj\/fournisseurs\/wp-json\/wp\/v2\/users\/2"}],"replies":[{"embeddable":true,"href":"https:\/\/mtn.bj\/fournisseurs\/wp-json\/wp\/v2\/comments?post=1613"}],"version-history":[{"count":24,"href":"https:\/\/mtn.bj\/fournisseurs\/wp-json\/wp\/v2\/pages\/1613\/revisions"}],"predecessor-version":[{"id":2355,"href":"https:\/\/mtn.bj\/fournisseurs\/wp-json\/wp\/v2\/pages\/1613\/revisions\/2355"}],"wp:attachment":[{"href":"https:\/\/mtn.bj\/fournisseurs\/wp-json\/wp\/v2\/media?parent=1613"}],"curies":[{"name":"wp","href":"https:\/\/api.w.org\/{rel}","templated":true}]}}