{"id":389,"date":"2022-12-05T16:23:40","date_gmt":"2022-12-05T15:23:40","guid":{"rendered":"https:\/\/mtn.bj\/fournisseurs\/?page_id=389"},"modified":"2025-10-30T11:15:51","modified_gmt":"2025-10-30T11:15:51","slug":"conditions-generales","status":"publish","type":"page","link":"https:\/\/mtn.bj\/fournisseurs\/conditions-generales\/","title":{"rendered":"Conditions g\u00e9n\u00e9rales"},"content":{"rendered":"<div class=\"single-banner-section\">\n    \n            <div id=\"banner-block_6faac791f90da149d597cec4077d4a04\" class=\"banner\">\n                <div class=\"banner-section alignedBottom textLight dark-overlay\" style=\"background:url(https:\/\/mtn.bj\/fournisseurs\/wp-content\/uploads\/2025\/10\/de\u0301sac-forf-int-2.jpeg);background-size: cover;background-position:center center;\">\n                    <div class =\"banner-heading-section\">    \n                        <div class=\"banner-section-container\">\n                        <p class=\"mtn-page-title yello-title\">Soumettre une innovation <\/p>\n                        <h1 class=\"mtn-heading yello-heading\">Conditions g\u00e9n\u00e9rales<\/h1>\n                        <p class=\"mtn-subheading yello-subheading\"><\/p>\n                        <\/div>\n                      \n                    <\/div>\n                <\/div>\n            <\/div>\n    \n            <\/div>\n\n\n\n<div style=\"height:97px\" aria-hidden=\"true\" class=\"wp-block-spacer\"><\/div>\n\n\n\n<div id=\"section-paragraph-block_fb81fa47734e49fdf2d65c9896d5fb9a\" class=\"section-paragraph has-text-align-left\">\n<div class=\"mtn-body-text mtn-section paragraph\"><p><!-- wp:paragraph --><\/p>\n<p><strong>\u00a0 \u00a0 \u00a01. G\u00e9n\u00e9ralit\u00e9s<\/strong><\/p>\n<p><strong><!-- \/wp:paragraph --> <!-- wp:paragraph --><\/strong><\/p>\n<p>Le module \u00ab\u00a0soumettre une innovation\u00a0\u00bb disponible sur le site internet de <strong>MTN BENIN<\/strong><\/p>\n<p><!-- \/wp:paragraph --> <!-- wp:paragraph --><\/p>\n<p><a href=\"https:\/\/www.mtn.bj\/\">www.mtn.bj<\/a>, permet \u00e0 toute personne physique ou morale porteuse d&rsquo;id\u00e9es innovantes<\/p>\n<p><!-- \/wp:paragraph --> <!-- wp:paragraph --><\/p>\n<p>d&rsquo;y soumettre une proposition.<\/p>\n<p><!-- \/wp:paragraph --> <!-- wp:paragraph --><\/p>\n<p>Les pr\u00e9sentes conditions g\u00e9n\u00e9rales ont \u00e9t\u00e9 \u00e9dit\u00e9es en vue de pr\u00e9ciser<\/p>\n<p><!-- \/wp:paragraph --> <!-- wp:paragraph --><\/p>\n<p>fonctionnement et les r\u00e8gles devant encadrer la soumission desdites propositions.<\/p>\n<p><!-- \/wp:paragraph --> <!-- wp:paragraph --><\/p>\n<p><strong>\u00a0 \u00a0 \u00a02. Cible<\/strong><\/p>\n<p><!-- \/wp:paragraph --> <!-- wp:paragraph --><\/p>\n<p>Toute entreprise locale ou \u00e9trang\u00e8re peut participer qu&rsquo;elle soit d\u00e9j\u00e0 dans la base des fournisseurs de <strong>MTN BENIN<\/strong> ou non.<\/p>\n<p><!-- \/wp:paragraph --> <!-- wp:paragraph --><\/p>\n<p><strong>\u00a0 \u00a0 \u00a03. Champs d&rsquo;application<\/strong><\/p>\n<p><strong><!-- \/wp:paragraph --> <!-- wp:paragraph --><\/strong><\/p>\n<p>Les propositions peuvent \u00eatre destin\u00e9es \u00e0 un usage interne de <strong>MTN BENIN<\/strong> (pour am\u00e9liorer les processus en cours au sein m\u00eame de<strong> MTN<\/strong>) ou un usage externe (pour am\u00e9liorer ou innover par rapport aux services rendus aux abonn\u00e9s).<\/p>\n<p><!-- \/wp:paragraph --> <!-- wp:paragraph --><\/p>\n<p>De fa\u00e7on non exhaustive, il peut s&rsquo;agir concr\u00e8tement de propositions portant sur :<\/p>\n<p><!-- \/wp:paragraph --> <!-- wp:list --><\/p>\n<ul>\n<li style=\"list-style-type: none\">\n<ul><!-- wp:list-item --><\/p>\n<li>La modernisation et \/ ou la digitalisation d&rsquo;un processus;<\/li>\n<\/ul>\n<\/li>\n<\/ul>\n<p><!-- \/wp:list-item --> <!-- wp:list-item --><\/p>\n<ul>\n<li style=\"list-style-type: none\">\n<ul>\n<li>L&rsquo;adoption de nouveaux proc\u00e9d\u00e9s permettant un meilleur respect de l&rsquo;environnement<\/li>\n<li>Un nouveau concept commercial;<!-- \/wp:list-item --> <!-- wp:paragraph --><\/li>\n<li>Toute autre proposition permettant un gain quelconque en temps, \u00e9nergie ou toutes autres ressources.<\/li>\n<\/ul>\n<\/li>\n<\/ul>\n<p><!-- \/wp:paragraph --> <!-- wp:paragraph --><\/p>\n<p><strong>NB: Il est important de noter ici que les demandes de sponsoring ou de partenariat <\/strong><strong>ne son pas concern\u00e9s.<\/strong><\/p>\n<p><!-- \/wp:paragraph --> <!-- wp:paragraph --><\/p>\n<p><strong>\u00a0 \u00a0 \u00a04. Mode op\u00e9ratoire<\/strong><\/p>\n<p><!-- \/wp:paragraph --> <!-- wp:paragraph --><\/p>\n<p>La gestion des soumissions des propositions innovantes se fera conform\u00e9ment aux \u00e9tapes ci-apr\u00e8s :<\/p>\n<p><!-- \/wp:paragraph --> <!-- wp:paragraph --><\/p>\n<p>L&rsquo;entreprise soumet en ligne, sur le site<a href=\"https:\/\/www.mtn.bj\/\"> www.mtn.bj<\/a>, sur l&rsquo;onglet \u00ab\u00a0Soumettre une innovation\u00a0\u00bb sa proposition ou son projet.<\/p>\n<p><!-- \/wp:paragraph --> <!-- wp:paragraph --><\/p>\n<ul>\n<li><strong>MTN<\/strong> \u00e9tudie p\u00e9riodiquement toutes les propositions re\u00e7ues et contacte (uniquement) les fournisseurs dont les propositions ont \u00e9t\u00e9 pr\u00e9s\u00e9lectionn\u00e9es en fonction des besoins du moment.<\/li>\n<\/ul>\n<p><!-- \/wp:paragraph --> <!-- wp:paragraph --><\/p>\n<ul>\n<li>Des s\u00e9ances de discussion sont engag\u00e9es avec le fournisseur pr\u00e9s\u00e9lectionn\u00e9 au sujet de sa proposition ainsi que des modalit\u00e9s de mise en \u0153uvre. Ces discussions peuvent aboutir ou non \u00e0 l&rsquo;attribution ou non d&rsquo;un march\u00e9 ou \u00e0 la signature d&rsquo;un contrat.<\/li>\n<\/ul>\n<p><!-- \/wp:paragraph --> <!-- wp:paragraph --><\/p>\n<p><strong>NB<\/strong>: Les auteurs de propositions retenues seront contact\u00e9s dans un d\u00e9lai de trois(3) mois au plus. Les autres propositions seront archiv\u00e9es pour des besoins futurs.<\/p>\n<p><strong>\u00a0 \u00a0 \u00a0 5. Soumission des propositions et ou projets<\/strong><\/p>\n<p><strong><!-- \/wp:paragraph --> <!-- wp:paragraph --><\/strong><\/p>\n<p>Les propositions peuvent \u00eatre soumises \u00e0 tout moment sur le portail d\u00e9di\u00e9 sauf d\u00e9cision contraire de <strong>MTN BENIN<\/strong>.<\/p>\n<p><!-- \/wp:paragraph --> <!-- wp:paragraph --><\/p>\n<p>Dans ce cas, l&rsquo;information sera partag\u00e9e sur tous les canaux que <strong>MTN<\/strong> jugera<\/p>\n<p><!-- \/wp:paragraph --> <!-- wp:paragraph --><\/p>\n<p>n\u00e9cessaires. Les entreprises ne pourront alors soumettre leurs propositions que dans le d\u00e9lai et suivant le processus ainsi d\u00e9fini.<\/p>\n<p><!-- \/wp:paragraph --> <!-- wp:paragraph --><\/p>\n<p><strong>\u00a0 \u00a0 \u00a06. Obligations des utilisateurs de la plateforme<\/strong><\/p>\n<p><strong><!-- \/wp:paragraph --> <!-- wp:paragraph --><\/strong><\/p>\n<p><strong>\u00a0 \u00a0 \u00a06.1 Utilisation de la plateforme<\/strong><\/p>\n<p><strong><!-- \/wp:paragraph --> <!-- wp:paragraph --><\/strong><\/p>\n<p>L&rsquo;utilisateur est tenu de faire usage de la plateforme en conformit\u00e9 avec les pr\u00e9sentes conditions generales et les dispositions l\u00e9gales en vigueur.<\/p>\n<p><!-- \/wp:paragraph --> <!-- wp:paragraph --><\/p>\n<p>\u00c0 ce titre, L&rsquo;utilisateur s&rsquo;interdit toute entrave au fonctionnement qui emp\u00eacherait ou limiterait, de quelque mani\u00e8re que ce soit, l&rsquo;acc\u00e8s ou son utilisation par des tiers sous peine de se voir refuser l&rsquo;acc\u00e8s \u00e0 ladite plateforme sans pr\u00e9avis.<\/p>\n<p><!-- \/wp:paragraph --> <!-- wp:paragraph --><\/p>\n<p>L&rsquo;utilisateur est seul responsable de l&rsquo;utilisation des informations dont il est \u00e0 l&rsquo;origine, des cons\u00e9quences des d\u00e9cisions qu&rsquo;il peut \u00eatre appel\u00e9 \u00e0 prendre et r\u00e9sultant de l&rsquo;utilisation de la plateforme et garantit <strong>MTN BENIN<\/strong> contre toute action et\/ou r\u00e9clamation de tiers \u00e0 cet \u00e9gard.<\/p>\n<p><!-- \/wp:paragraph --> <!-- wp:paragraph --><\/p>\n<p>En outre, l&rsquo;utilisateur s&rsquo;engage \u00e0 ne pas utiliser d&rsquo;outil d&rsquo;exploration de donn\u00e9es, de robots ou de toute autre methode d&rsquo;extraction ou de collecte de donn\u00e9es ou d&rsquo;essayer d&rsquo;obtenir un acc\u00e8s non autoris\u00e9 \u00e0 tout ou partie de l&rsquo;interface par l&rsquo;interm\u00e9diaire d&rsquo;un piratage, d&rsquo;une extraction de mot de passe ou autre.<\/p>\n<p><!-- \/wp:paragraph --> <!-- wp:paragraph --><\/p>\n<p><strong>\u00a0 \u00a0 \u00a06.2 Mise en garde<\/strong><\/p>\n<p><strong><!-- \/wp:paragraph --> <!-- wp:paragraph --><\/strong><\/p>\n<p>La plateforme utilisant Internet, il est express\u00e9ment rappel\u00e9 qu&rsquo;internet n&rsquo;est pas un r\u00e9seau s\u00e9curis\u00e9. L&rsquo;utilisateur reconna\u00eet donc \u00eatre pleinement inform\u00e9 du d\u00e9faut de fiabilit\u00e9 du r\u00e9seau Internet, tout particuli\u00e8rement en mati\u00e8re d&rsquo;absence de s\u00e9curit\u00e9 dans le cadre de la transmission de fichiers, informations et donn\u00e9es de toute nature<\/p>\n<p><!-- \/wp:paragraph --> <!-- wp:paragraph --><\/p>\n<p>et en mati\u00e8re de non garantie des performances relatives au volume et \u00e0 la rapidit\u00e9 de transmission des donn\u00e9es. Il appartient \u00e0 l&rsquo;utilisateur de prendre toutes les mesures appropri\u00e9es de fa\u00e7on \u00e0 prot\u00e9ger ses propres donn\u00e9es, notamment en cas de<\/p>\n<p><!-- \/wp:paragraph --> <!-- wp:paragraph --><\/p>\n<p>contamination par d&rsquo;\u00e9ventuels virus circulants sur le r\u00e9seau internet ou de l&rsquo;intrusion<\/p>\n<p><!-- \/wp:paragraph --> <!-- wp:paragraph --><\/p>\n<p>d&rsquo;un tiers dans le syst\u00e8me de son terminal (ordinateur, ordinateur portable, tablette, smartphone..) \u00e0 quelque fin que ce soit et de proc\u00e9der \u00e0 des sauvegardes pr\u00e9alablement et post\u00e9rieurement \u00e0 la mise en service de la plateforme.<\/p>\n<p><!-- \/wp:paragraph --> <!-- wp:paragraph --><\/p>\n<p><strong>\u00a0 \u00a0 \u00a07. Donn\u00e9es \u00e0 caract\u00e8re personnel<\/strong><\/p>\n<p><strong><!-- \/wp:paragraph --> <!-- wp:paragraph --><\/strong><\/p>\n<p>Les informations communiqu\u00e9es par l&rsquo;utilisateur lors de l&rsquo;utilisation de la plateforme sont utilis\u00e9es dans le cadre des modules \u00ab\u00a0Devenir fournisseur \u00a0\u00bb et \u00ab\u00a0Soumettre une innovation \u00a0\u00bb sur le site <a href=\"https:\/\/www.mtn.bj\/\">mtn.bj<\/a>.<\/p>\n<p><!-- \/wp:paragraph --> <!-- wp:paragraph --><\/p>\n<p><strong>MTN BENIN<\/strong>, en sa qualit\u00e9 de responsable du traitement, prend les mesures techniques et organisationnelles propres \u00e0 en assurer la protection et la confidentialit\u00e9. Le traitement des donn\u00e9es \u00e0 caract\u00e8re personnel de l&rsquo;utilisateur est n\u00e9cessaire \u00e0 la satisfaction de sa demande et est r\u00e9alis\u00e9 conform\u00e9ment \u00e0 la r\u00e9glementation applicable en mati\u00e8re de protection des donn\u00e9es \u00e0 caract\u00e8re personnel.<\/p>\n<p><!-- \/wp:paragraph --> <!-- wp:paragraph --><\/p>\n<p>Chaque utilisateur peut exercer \u00e0 tout moment ses droits d&rsquo;acc\u00e8s, rectification, effacement, suppression, opposition, limitation au traitement et portabilit\u00e9 sur les donn\u00e9es le concernant en \u00e9crivant \u00e0 la Direction G\u00e9n\u00e9rale de<strong> MTN<\/strong> sis au 360 Boulevard de la Marina avec mention de l&rsquo;objet et en justifiant de son identit\u00e9.<\/p>\n<p><!-- \/wp:paragraph --> <!-- wp:paragraph --><\/p>\n<p>L&rsquo;utilisateur en acceptant les pr\u00e9sentes conditions g\u00e9n\u00e9rales, autorise <strong>MTN BENIN<\/strong> \u00e0 collecter ses informations personnelles et \u00e0 proc\u00e9der \u00e0 leur traitement conform\u00e9ment \u00e0 l&rsquo;objet auquel elles sont destin\u00e9es.<\/p>\n<p><!-- \/wp:paragraph --> <!-- wp:paragraph --><\/p>\n<p>Les donn\u00e9es seront conserv\u00e9es pour une dur\u00e9e de vingt-quatre (24) mois apr\u00e8s la cessation de relation entre les deux parties.<\/p>\n<p><!-- \/wp:paragraph --> <!-- wp:paragraph --><\/p>\n<p>L&rsquo;utilisateur est enti\u00e8rement responsable de l&rsquo;utilisation et de la conservation de ses donn\u00e9es personnelles er le cas \u00e9ch\u00e9ant, des cons\u00e9quences de leur divulgation ou de leur utilisation par des tiers et est r\u00e9put\u00e9 l&rsquo;avoir autoris\u00e9e, qu&rsquo;elle soit ou non de son fait.<\/p>\n<p><!-- \/wp:paragraph --> <!-- wp:paragraph --><\/p>\n<p><strong>\u00a0 \u00a0 \u00a0 8. Maintenance de la plateforme<\/strong><\/p>\n<p><strong><!-- \/wp:paragraph --> <!-- wp:paragraph --><\/strong><\/p>\n<p><strong>MTN BENIN<\/strong> se r\u00e9serve le droit d&rsquo;interrompre l&rsquo;acc\u00e8s \u00e0 la plateforme, \u00e0 tout moment pour maintenance et sans avoir \u00e0 s&rsquo;en justifier. La responsabilit\u00e9 de <strong>MTN BENIN<\/strong> ne pouvant pas \u00eatre retenue, l&rsquo;interruption ne donnera donc pas lieu une indemnisation au profit de l&rsquo;abonn\u00e9. <strong>MTN BENIN<\/strong> s&rsquo;efforcera dans ce cas d&rsquo;avertir pr\u00e9alablement les abonn\u00e9s par tout moyen laissant trace \u00e9crite<\/p>\n<p><!-- \/wp:paragraph --> <!-- wp:paragraph --><\/p>\n<p>En cas d&rsquo;interruption pour maintenance, <strong>MTN BENIN<\/strong> s&rsquo;efforcera d&rsquo;en informer au pr\u00e9alable l&rsquo;abonn\u00e9 et de programmer lesdites interruptions pour maintenance a des jours et\/ou horaires susceptibles d&rsquo;occasionner le moins de g\u00eane pour l&rsquo;abonn\u00e9.<\/p>\n<p><!-- \/wp:paragraph --> <!-- wp:paragraph --><\/p>\n<p><strong>\u00a0 \u00a0 \u00a09. Confidentialit\u00e9<\/strong><\/p>\n<p><strong><!-- \/wp:paragraph --> <!-- wp:paragraph --><\/strong><\/p>\n<p><strong>MTN BENIN<\/strong> \u00e0 travers son site prot\u00e9gera les donn\u00e9es et informations confidentielles re\u00e7ues des entreprises et les traitera de mani\u00e8re strictement confidentielle. Au titre des pr\u00e9sentes conditions g\u00e9n\u00e9rales pr\u00e9sent accord, constituent des informations confidentielles, pour document,\u00a0 toute information que l&rsquo;utilisateur pourrait \u00eatre amen\u00e9 \u00e0 partager sur la pr\u00e9sente plateforme y compris le projet et la proposition faite dans le cadre du module \u00ab\u00a0soumettre une innovation\u00a0\u00bb.<\/p>\n<p><!-- \/wp:paragraph --> <!-- wp:paragraph --><\/p>\n<p><strong>MTN BENIN<\/strong> s&rsquo;engage \u00e0 les maintenir secr\u00e8tes et confidentielles, et \u00e0 s&rsquo;abstenir de les communiquer \u00e0 toute personne tierce, sauf \u00e0 les utiliser, elles-m\u00eames, uniquement dans le cadre ci-dessus vis\u00e9,<\/p>\n<p><!-- \/wp:paragraph --> <!-- wp:paragraph --><\/p>\n<p><strong>\u00a0 \u00a0 \u00a010. Propri\u00e9t\u00e9 intellectuelle<\/strong><\/p>\n<p><strong><!-- \/wp:paragraph --> <!-- wp:paragraph --><\/strong><\/p>\n<p>Tous les contenus, logos, gifs et ic\u00f4nes sous la banni\u00e8re \u00ab <strong>MTN<\/strong> ainsi que<\/p>\n<p><!-- \/wp:paragraph --> <!-- wp:paragraph --><\/p>\n<p>leur mise en forme sont la propri\u00e9t\u00e9 exclusive de <strong>MTN BENIN<\/strong>.<\/p>\n<p><!-- \/wp:paragraph --> <!-- wp:paragraph --><\/p>\n<p>Toute reproduction, distribution, modification, adaptation, retransmission ou publication, m\u00eame partielle, de ces diff\u00e9rents \u00e9l\u00e9ments est strictement interdite sans l&rsquo;accord expr\u00e8s et \u00e9crit de<strong> MTN BENIN<\/strong>.<\/p>\n<p><!-- \/wp:paragraph --> <!-- wp:paragraph --><\/p>\n<p>Les contenu, logos, gifs et ic\u00f4nes ainsi que les marques commerciales, les marques de service, les noms commerciaux et les droits de conception, qu&rsquo;ils soient enregistr\u00e9s ou non, de toute entreprise et ou soci\u00e9t\u00e9 ayant acc\u00e8s \u00e0 la pr\u00e9sente plateforme restent sa propri\u00e9t\u00e9 exclusive. Afin d&rsquo;\u00e9viter tout doute, aucune disposition des pr\u00e9sentes conditions<\/p>\n<p><!-- \/wp:paragraph --> <!-- wp:paragraph --><\/p>\n<p>g\u00e9n\u00e9rales ne constitue ou ne doit \u00eatre interpr\u00e9t\u00e9e comme une cession de tout ou partie de la propri\u00e9t\u00e9 intellectuelle de <strong>MTN BENIN<\/strong> ou des entreprises ou soci\u00e9t\u00e9s soumissionnaires ayant acc\u00e8s \u00e0 la pr\u00e9sente plateforme.<\/p>\n<p>Chaque Partie reste seule titulaire des droits relatifs aux informations confidentielles communiqu\u00e9es \u00e0 l&rsquo;autre. Aucun DPI (Marque, Logo, Nom Commercial, Brevet ou Process) ni d&rsquo;usage de quelque nature que ce soit, n&rsquo;est consenti par une Partie \u00e0 l&rsquo;autre du fait de la communication d&rsquo;une information confidentielle.<\/p>\n<p><!-- \/wp:paragraph --> <!-- wp:paragraph --><\/p>\n<p>Les parties conservent chacune la propri\u00e9t\u00e9 exclusive de leur marque. Aucune partie ne pourra se pr\u00e9valoir ou utiliser la marque de l&rsquo;autre sans son consentement pr\u00e9alable et \u00e9crit.<\/p>\n<p><!-- \/wp:paragraph --> <!-- wp:paragraph --><\/p>\n<p><strong>\u00a0 \u00a0 \u00a0 11. Responsabilit\u00e9<\/strong><\/p>\n<p><strong><!-- \/wp:paragraph --> <!-- wp:paragraph --><\/strong><\/p>\n<p><strong>MTN BENIN<\/strong> est tenue \u00e0 une obligation de moyens. En cons\u00e9quence, <strong>MTN BENIN<\/strong> d\u00e9cline toute responsabilit\u00e9 quant aux difficult\u00e9s techniques que l&rsquo;utilisateur pourrait rencontrer dans le cadre de l&rsquo;utilisation du service, quelles qu&rsquo;en soient la cause, l&rsquo;origine, notamment dans la survenance de \u00ab bugs \u00bb, du non-respect de l&rsquo;int\u00e9grit\u00e9 de l&rsquo;information \u00e0 travers les r\u00e9seaux de communication, de d\u00e9faut de capacit\u00e9, connexion ou de s\u00e9curit\u00e9 du terminal.<\/p>\n<p><!-- \/wp:paragraph --> <!-- wp:paragraph --><\/p>\n<p>\u00c0 cet \u00e9gard, le service est mis \u00e0 la disposition de l&rsquo;utilisateur en l&rsquo;\u00e9tat et l&rsquo;utilisateur supporte tous les risques en mati\u00e8re de qualit\u00e9 et de performance de l&rsquo;interface notamment aucune garantie de quelque nature qu&rsquo;elle soit, implicite ou expresse n&rsquo;est accord\u00e9e par <strong>MTN BENIN<\/strong> relativement \u00e0 l&rsquo;aptitude du service \u00e0 remplir un usage particulier, \u00e0 son absence d&rsquo;erreur technique ou d&rsquo;interruption. <strong>MTN BENIN<\/strong> n&rsquo;encourt aucune responsabilit\u00e9 au titre de dommages directs, indirects, incidents accessoires ou aggrav\u00e9s tels que notamment les pertes de donn\u00e9es ou de pertes li\u00e9es \u00e0 l&rsquo;interruption d&rsquo;activit\u00e9 ou r\u00e9sultant de l&rsquo;utilisation ou de l&rsquo;incapacit\u00e9 d&rsquo;utilisation du service m\u00eame si <strong>MTN BENIN<\/strong> a \u00e9t\u00e9 inform\u00e9e de la possibilit\u00e9 de survenance de tels dommages.<\/p>\n<p><!-- \/wp:paragraph --> <!-- wp:paragraph --><\/p>\n<p><strong>\u00a0 \u00a0 \u00a0 12. Droit applicable et r\u00e9solution des litiges<\/strong><\/p>\n<p><strong><!-- \/wp:paragraph --> <!-- wp:paragraph --><\/strong><\/p>\n<p>L&rsquo;utilisation de l&rsquo;interface et les conditions d&rsquo;utilisation sont r\u00e9gies par le droit b\u00e9ninois.<\/p>\n<p>Tout litige li\u00e9 \u00e0 l&rsquo;utilisation de l&rsquo;interface et\/ou aux conditions d&rsquo;utilisation qui ne pourrait \u00eatre r\u00e9gl\u00e9 amiablement entre <strong>MTN BENIN<\/strong> et l&rsquo;utilisateur sera soumis \u00e0 l&rsquo;appr\u00e9ciation des juridictions b\u00e9ninoises comp\u00e9tentes.<\/p>\n<p><!-- \/wp:paragraph --><\/p>\n<!-- \/wp:list --><\/div>\n<\/div>\n\n\n\n","protected":false},"excerpt":{"rendered":"","protected":false},"author":1,"featured_media":0,"parent":0,"menu_order":0,"comment_status":"closed","ping_status":"closed","template":"","meta":{"_acf_changed":false,"footnotes":""},"class_list":["post-389","page","type-page","status-publish","hentry"],"acf":[],"yoast_head":"<!-- This site is optimized with the Yoast SEO plugin v27.5 - https:\/\/yoast.com\/product\/yoast-seo-wordpress\/ -->\n<title>Conditions g\u00e9n\u00e9rales - Portail des fournisseurs de MTN B\u00e9nin<\/title>\n<meta name=\"robots\" content=\"index, follow, max-snippet:-1, max-image-preview:large, max-video-preview:-1\" \/>\n<link rel=\"canonical\" href=\"https:\/\/mtn.bj\/fournisseurs\/conditions-generales\/\" \/>\n<meta property=\"og:locale\" content=\"fr_FR\" \/>\n<meta property=\"og:type\" content=\"article\" \/>\n<meta property=\"og:title\" content=\"Conditions g\u00e9n\u00e9rales - Portail des fournisseurs de MTN B\u00e9nin\" \/>\n<meta property=\"og:url\" content=\"https:\/\/mtn.bj\/fournisseurs\/conditions-generales\/\" \/>\n<meta property=\"og:site_name\" content=\"Portail des fournisseurs de MTN B\u00e9nin\" \/>\n<meta property=\"article:modified_time\" content=\"2025-10-30T11:15:51+00:00\" \/>\n<meta name=\"twitter:card\" content=\"summary_large_image\" \/>\n<script type=\"application\/ld+json\" class=\"yoast-schema-graph\">{\"@context\":\"https:\\\/\\\/schema.org\",\"@graph\":[{\"@type\":\"WebPage\",\"@id\":\"https:\\\/\\\/mtn.bj\\\/fournisseurs\\\/conditions-generales\\\/\",\"url\":\"https:\\\/\\\/mtn.bj\\\/fournisseurs\\\/conditions-generales\\\/\",\"name\":\"Conditions g\u00e9n\u00e9rales - Portail des fournisseurs de MTN B\u00e9nin\",\"isPartOf\":{\"@id\":\"https:\\\/\\\/mtn.bj\\\/fournisseurs\\\/#website\"},\"datePublished\":\"2022-12-05T15:23:40+00:00\",\"dateModified\":\"2025-10-30T11:15:51+00:00\",\"breadcrumb\":{\"@id\":\"https:\\\/\\\/mtn.bj\\\/fournisseurs\\\/conditions-generales\\\/#breadcrumb\"},\"inLanguage\":\"fr-FR\",\"potentialAction\":[{\"@type\":\"ReadAction\",\"target\":[\"https:\\\/\\\/mtn.bj\\\/fournisseurs\\\/conditions-generales\\\/\"]}]},{\"@type\":\"BreadcrumbList\",\"@id\":\"https:\\\/\\\/mtn.bj\\\/fournisseurs\\\/conditions-generales\\\/#breadcrumb\",\"itemListElement\":[{\"@type\":\"ListItem\",\"position\":1,\"name\":\"1\",\"item\":\"https:\\\/\\\/mtn.bj\\\/fournisseurs\\\/\"},{\"@type\":\"ListItem\",\"position\":2,\"name\":\"Conditions g\u00e9n\u00e9rales\"}]},{\"@type\":\"WebSite\",\"@id\":\"https:\\\/\\\/mtn.bj\\\/fournisseurs\\\/#website\",\"url\":\"https:\\\/\\\/mtn.bj\\\/fournisseurs\\\/\",\"name\":\"Portail des fournisseurs de MTN B\u00e9nin\",\"description\":\"Le lien entre MTN et les fournisseurs\",\"potentialAction\":[{\"@type\":\"SearchAction\",\"target\":{\"@type\":\"EntryPoint\",\"urlTemplate\":\"https:\\\/\\\/mtn.bj\\\/fournisseurs\\\/?s={search_term_string}\"},\"query-input\":{\"@type\":\"PropertyValueSpecification\",\"valueRequired\":true,\"valueName\":\"search_term_string\"}}],\"inLanguage\":\"fr-FR\"}]}<\/script>\n<!-- \/ Yoast SEO plugin. -->","yoast_head_json":{"title":"Conditions g\u00e9n\u00e9rales - Portail des fournisseurs de MTN B\u00e9nin","robots":{"index":"index","follow":"follow","max-snippet":"max-snippet:-1","max-image-preview":"max-image-preview:large","max-video-preview":"max-video-preview:-1"},"canonical":"https:\/\/mtn.bj\/fournisseurs\/conditions-generales\/","og_locale":"fr_FR","og_type":"article","og_title":"Conditions g\u00e9n\u00e9rales - Portail des fournisseurs de MTN B\u00e9nin","og_url":"https:\/\/mtn.bj\/fournisseurs\/conditions-generales\/","og_site_name":"Portail des fournisseurs de MTN B\u00e9nin","article_modified_time":"2025-10-30T11:15:51+00:00","twitter_card":"summary_large_image","schema":{"@context":"https:\/\/schema.org","@graph":[{"@type":"WebPage","@id":"https:\/\/mtn.bj\/fournisseurs\/conditions-generales\/","url":"https:\/\/mtn.bj\/fournisseurs\/conditions-generales\/","name":"Conditions g\u00e9n\u00e9rales - Portail des fournisseurs de MTN B\u00e9nin","isPartOf":{"@id":"https:\/\/mtn.bj\/fournisseurs\/#website"},"datePublished":"2022-12-05T15:23:40+00:00","dateModified":"2025-10-30T11:15:51+00:00","breadcrumb":{"@id":"https:\/\/mtn.bj\/fournisseurs\/conditions-generales\/#breadcrumb"},"inLanguage":"fr-FR","potentialAction":[{"@type":"ReadAction","target":["https:\/\/mtn.bj\/fournisseurs\/conditions-generales\/"]}]},{"@type":"BreadcrumbList","@id":"https:\/\/mtn.bj\/fournisseurs\/conditions-generales\/#breadcrumb","itemListElement":[{"@type":"ListItem","position":1,"name":"1","item":"https:\/\/mtn.bj\/fournisseurs\/"},{"@type":"ListItem","position":2,"name":"Conditions g\u00e9n\u00e9rales"}]},{"@type":"WebSite","@id":"https:\/\/mtn.bj\/fournisseurs\/#website","url":"https:\/\/mtn.bj\/fournisseurs\/","name":"Portail des fournisseurs de MTN B\u00e9nin","description":"Le lien entre MTN et les fournisseurs","potentialAction":[{"@type":"SearchAction","target":{"@type":"EntryPoint","urlTemplate":"https:\/\/mtn.bj\/fournisseurs\/?s={search_term_string}"},"query-input":{"@type":"PropertyValueSpecification","valueRequired":true,"valueName":"search_term_string"}}],"inLanguage":"fr-FR"}]}},"_links":{"self":[{"href":"https:\/\/mtn.bj\/fournisseurs\/wp-json\/wp\/v2\/pages\/389","targetHints":{"allow":["GET"]}}],"collection":[{"href":"https:\/\/mtn.bj\/fournisseurs\/wp-json\/wp\/v2\/pages"}],"about":[{"href":"https:\/\/mtn.bj\/fournisseurs\/wp-json\/wp\/v2\/types\/page"}],"author":[{"embeddable":true,"href":"https:\/\/mtn.bj\/fournisseurs\/wp-json\/wp\/v2\/users\/1"}],"replies":[{"embeddable":true,"href":"https:\/\/mtn.bj\/fournisseurs\/wp-json\/wp\/v2\/comments?post=389"}],"version-history":[{"count":52,"href":"https:\/\/mtn.bj\/fournisseurs\/wp-json\/wp\/v2\/pages\/389\/revisions"}],"predecessor-version":[{"id":2098,"href":"https:\/\/mtn.bj\/fournisseurs\/wp-json\/wp\/v2\/pages\/389\/revisions\/2098"}],"wp:attachment":[{"href":"https:\/\/mtn.bj\/fournisseurs\/wp-json\/wp\/v2\/media?parent=389"}],"curies":[{"name":"wp","href":"https:\/\/api.w.org\/{rel}","templated":true}]}}